/5)*q. Calculate the greatest common factor of 40 and t.
10
Let j be (-86 - -170)*(12 - 0). Calculate the greatest common divisor of j and 189.
63
Let p be (-62)/(((-6)/9)/((-2)/(-6))). Suppose 0 = -p*i + 81 + 446. Calculate the greatest common factor of 1241 and i.
17
Let l(h) = -11*h**2 - 26 - 5 + 4 + h**3 - 21*h. Let g be l(12). Let d = g - -195. Calculate the greatest common factor of d and 24.
12
Suppose 44*b - 540 = 14*b. Let w be 0 + (-1 - -1) + 5. Suppose -3*f + 5 = m - 1, f = w*m + 2. Calculate the greatest common divisor of f and b.
2
Suppose y - 424 = -5*j, -7*y + 27 = j - 51. Let s be ((-3)/2)/((-6)/40). What is the greatest common factor of j and s?
5
Suppose -23*y = -13*y + 15*y - 575. Suppose z + 43 - 112 = 0. Calculate the greatest common factor of y and z.
23
Let g = 160 - 159. Suppose 2*h = g + 13. What is the highest common factor of h and 1?
1
Let s be (-11116)/112 + 15/(-20). Suppose 0 = 3*j + 2*a - 490, j = -6*a + a + 185. Let v = j + s. Calculate the greatest common divisor of 15 and v.
15
Suppose -h = 3*c - 15, -2 = 4*c + 5*h - 22. Let u be 103/c + (-18)/30. Let n be -9 + 516/18 + (-4)/(-12). Calculate the greatest common factor of u and n.
20
Suppose -3*h + 0 = -3, 2*m - 5*h - 3 = 0. Let u(n) = -3*n + 13. Let r be u(17). Let d = -26 - r. Calculate the greatest common divisor of d and m.
4
Suppose -13*w + 311 - 51 = 0. Let g be (-3)/(-6) + 14/4. Let m be -30*g*(-10)/12. What is the greatest common divisor of w and m?
20
Suppose 4*j + 8*k - 4*k = 0, 4*j - 4*k = 0. Let x be 5 - (j + (0 - -1)). Suppose 412*u - 543*u = 666*u - 12752. Calculate the greatest common factor of u and x.
4
Suppose -4*o - 4051 = 2*f - 28275, -2*o + f = -12124. What is the greatest common divisor of o and 166?
83
Let a(d) = 19*d - 66. Let i be a(46). What is the highest common factor of 16 and i?
8
Let o be 31 - ((-2)/(-8) + 252/(-48)). Let g be ((-9)/16)/(48/(-64))*4. Calculate the greatest common factor of o and g.
3
Let d = 422 - 404. Let v = 279 - 135. What is the highest common factor of d and v?
18
Let u = 139 + -140. Let s be 8/(-8)*(-170 + u). Calculate the highest common factor of 19 and s.
19
Let z(o) = 3*o**2 - 53*o + 80. Let l be z(20). What is the greatest common divisor of 160 and l?
20
Let a(y) = 565*y + 5611. Let n be a(79). Calculate the highest common divisor of n and 97.
97
Let g = -32294 + 34153. What is the highest common factor of g and 1716?
143
Let g(h) = 2*h**2 - 12*h + 16. Let y be g(9). Suppose -168 = -4*f - 0*f. Calculate the greatest common divisor of y and f.
14
Suppose 3*d + 21 = 4*d. Suppose 29 = -4*r + d. Let s be 3/(r/(-26)*3). Calculate the greatest common divisor of s and 65.
13
Let z(r) = 47173*r**2 + 271*r - 270. Let g be z(1). What is the greatest common divisor of 103 and g?
103
Let m(f) = 131*f**3 + f**2 - 2*f + 2. Suppose -3*y = -12*y + 18. Suppose -c = c - y. Let h be m(c). What is the greatest common factor of 12 and h?
12
Let l be (-892)/(-16) - (-6 + (-92)/(-16)). Suppose -21*v = -28*v + l. Calculate the highest common factor of v and 64.
8
Let c(k) = -k**3 + 52*k**2 - 94*k - 270. Let q be c(50). Suppose 0 = -3*f - 2*t + 812, 0 = -2*t - 0*t + 2. Calculate the greatest common factor of q and f.
30
Let l(r) = 194*r**2 - 17*r + 9. Let q be l(-2). Calculate the greatest common factor of 351 and q.
117
Let j = 18730 - 18723. What is the greatest common factor of j and 11984?
7
Suppose 0 = -5*w + 3*h + 20, 0*w - 7 = -2*w + h. Let f = 192 - -31. Let p = f + -220. What is the greatest common divisor of p and w?
1
Suppose 0*d + 12*d - 1176 = 0. Let l be 6/((10/(-140))/(1/(-2))). What is the greatest common factor of l and d?
14
Let p(r) = -2*r**2 + 29*r + 24. Let j be p(15). Suppose 3*x = -j*k + 5*k - 9, 2*x + 10 = -4*k. Calculate the greatest common divisor of 7 and x.
1
Suppose -3*k + 318 = -4*b + 10, -5*k - 3*b + 552 = 0. Let f(v) = -v**2 - 5*v + 468. Let s be f(19). What is the greatest common divisor of k and s?
12
Suppose -5*z - 1781 = -2*n, n - 1169 = -3*z - 273. Calculate the greatest common divisor of n and 38.
19
Suppose -4 = -4*k, 2*k = -2*j + 7*j - 8. Let y be 28/(15/9 + -1). Suppose j*i - y = -i. What is the greatest common factor of 35 and i?
7
Suppose -8*m + 25*m = 978 + 2694. What is the greatest common divisor of 1755 and m?
27
Let k = 7982 + -4398. What is the highest common divisor of k and 7?
7
Let f(l) = -21*l. Let z be f(-7). Let m = 9 - 1. Suppose -o + m*o - z = 0. Calculate the greatest common factor of o and 21.
21
Let k(a) = 7439*a**2 - 23*a + 42. Let u be k(3). What is the highest common divisor of 338 and u?
338
Suppose 4*p + n - 766 = 0, 0 = -4*n - 7 - 1. Suppose -185*f = -161*f - 288. What is the greatest common divisor of f and p?
12
Let w(x) = x**3 + 4*x**2 + 3*x - 1. Let v be w(-2). Let a be ((-7 - -6)/((-1)/9))/v. What is the greatest common factor of a and 9?
9
Let m be (-11)/3 - (116470/(-114) - 8). Calculate the highest common factor of 4674 and m.
114
Let y(f) = -61*f + 249. Let t be y(4). Suppose 5*d = -o + 210, -10*d = -t*o - 5*d + 1140. What is the highest common factor of o and 100?
25
Suppose 4*s = -61 + 253. Let u be 13/(468/s)*42/4. What is the highest common factor of 35 and u?
7
Suppose -4*r = y - 239 - 157, 368 = y - 3*r. What is the greatest common factor of y and 120?
20
Let r be 221/(-68)*6*4/(-1). Let y = r - 78. Suppose 4*u + 16 = 0, g - 2*g - 4*u = y. Calculate the greatest common factor of g and 32.
16
Let y(a) = a**3 - 60*a**2 - 64*a + 489. Let m be y(61). What is the greatest common divisor of 72 and m?
18
Let n = 40 + 157. Let o = -113 + n. Calculate the highest common divisor of o and 12.
12
Let g = 6797 + -6751. What is the greatest common factor of 4 and g?
2
Let h(i) = i + 3. Let w be h(8). Let y = 75 - 71. Let x be y/22 - (-2737)/253. Calculate the highest common divisor of x and w.
11
Let p(j) = 10*j**2 + 3*j + 0*j**2 - 6 - 5*j**2 - 3*j**2. Let l(x) = x - 4. Let b be l(7). Let r be p(b). What is the highest common divisor of 7 and r?
7
Let z = 7739 + -7725. Calculate the highest common divisor of z and 11354.
14
Let w = -560 - -901. Let d = -7554 - -7585. Calculate the highest common divisor of d and w.
31
Suppose 4*p = -0 + 20. Suppose 3*c - 2*g - 3*g = 138, c - 66 = -p*g. Suppose c - 15 = 3*i. Calculate the greatest common divisor of i and 132.
12
Let f = 400 + 46. Calculate the greatest common factor of f and 2.
2
Let g be (143/(-104))/((-2)/16). Let c be (-2)/4 + (-5 - 303/6). Let j = -55 - c. Calculate the greatest common divisor of g and j.
1
Suppose -2*x - 5*p + 459 = 0, 36 + 201 = x - 5*p. Let m = 435 - x. Calculate the highest common factor of 29 and m.
29
Let l(h) = 3*h**3 - 28*h**2 + 15*h - 48. Let o be l(9). Suppose -24 = -4*j - 0*j. Calculate the highest common divisor of j and o.
6
Let q = 656 + -513. Suppose 2*m - 3*b = 9 + 2, -4*m + 2*b = -42. What is the greatest common divisor of q and m?
13
Suppose -2*g + 2*w = -g - 26, -3*w - 3 = 0. Suppose -4*d = 7*t - 106, -d - 2*d - 4*t = -82. What is the highest common divisor of g and d?
6
Let j(z) = -3*z**2 + 28*z + 36. Let o(i) = -i**2 + 10*i + 12. Let u(w) = 6*j(w) - 17*o(w). Let q be u(-4). What is the highest common divisor of q and 16?
4
Let x(n) = 11*n**2 + 38*n - 4. Let y be x(-9). Let v be ((-3)/2)/(1 - y/540). Suppose 3*j - 30 = 24. Calculate the greatest common divisor of v and j.
18
Let a(x) = 95*x**2 + 26*x - 92. Let w be a(4). Calculate the highest common divisor of 16 and w.
4
Suppose -5*l = -g + 4109, -l - g = 787 + 36. Let t = -750 - l. Calculate the greatest common factor of t and 48.
24
Suppose -4*i - 4*w + 5328 + 2976 = 0, 12 = -4*w. Suppose 0 = 13*n + 8*n - i. Calculate the greatest common factor of 33 and n.
33
Let r(g) = -8*g**3 + 15*g**2 + 9*g + 13. Let y be r(-4). Calculate the highest common divisor of 567 and y.
81
Suppose t + 13 = -4*o + 368, t = o - 95. Calculate the greatest common factor of 145 and o.
5
Let b = -2723 + 2729. Let q be (-1)/(572/288 - 2). Calculate the highest common factor of q and b.
6
Let g(h) = -2*h**3 - 11*h**2 - 14*h - 5. Let y be g(-4). Suppose -136 = -y*a - 31. What is the greatest common divisor of 28 and a?
7
Suppose -4*l = 5*q - 15445, -26*l + 30*l + 2*q = 15442. Calculate the highest common divisor of 20 and l.
20
Let n be (-1734